{"id":2117,"date":"2017-03-21T01:16:19","date_gmt":"2017-03-21T04:16:19","guid":{"rendered":"http:\/\/py1yb.com\/?page_id=2117"},"modified":"2017-03-21T01:26:30","modified_gmt":"2017-03-21T04:26:30","slug":"restauracao-de-duplexadores","status":"publish","type":"page","link":"https:\/\/py1yb.com\/?page_id=2117","title":{"rendered":"RESTAURA\u00c7\u00c3O DE DUPLEXADORES"},"content":{"rendered":"<p>Restaura\u00e7\u00e3o de um duplexador. Acess\u00f3rio mais critico e delicado de um sistema de repetidora, o duplexador necessita cuidados especiais e alinhamento perfeito. Fazemos esse servi\u00e7o com detalhes e \u00f3timos resultados..<\/p>\n<p>equipamento chega as vezes nesse estado..<\/p>\n<p><a href=\"http:\/\/py1yb.com\/wp-content\/uploads\/2017\/03\/duplexador-001.jpg\"><img loading=\"lazy\" class=\"alignleft size-medium wp-image-2120\" src=\"http:\/\/py1yb.com\/wp-content\/uploads\/2017\/03\/duplexador-001-225x300.jpg\" alt=\"duplexador 001\" width=\"225\" height=\"300\" srcset=\"https:\/\/py1yb.com\/wp-content\/uploads\/2017\/03\/duplexador-001-225x300.jpg 225w, https:\/\/py1yb.com\/wp-content\/uploads\/2017\/03\/duplexador-001.jpg 480w\" sizes=\"(max-width: 225px) 100vw, 225px\" \/><\/a><\/p>\n<p>&nbsp;<\/p>\n<p>&nbsp;<\/p>\n<p>&nbsp;<\/p>\n<p>&nbsp;<\/p>\n<p>&nbsp;<\/p>\n<p>&nbsp;<\/p>\n<p>&nbsp;<\/p>\n<p>&nbsp;<\/p>\n<p>ou nesse..<\/p>\n<p><a href=\"http:\/\/py1yb.com\/wp-content\/uploads\/2017\/03\/1.jpg\"><img loading=\"lazy\" class=\"alignleft size-medium wp-image-2121\" src=\"http:\/\/py1yb.com\/wp-content\/uploads\/2017\/03\/1-225x300.jpg\" alt=\"1\" width=\"225\" height=\"300\" srcset=\"https:\/\/py1yb.com\/wp-content\/uploads\/2017\/03\/1-225x300.jpg 225w, https:\/\/py1yb.com\/wp-content\/uploads\/2017\/03\/1.jpg 480w\" sizes=\"(max-width: 225px) 100vw, 225px\" \/><\/a><a href=\"http:\/\/py1yb.com\/wp-content\/uploads\/2017\/03\/2.jpg\"><img loading=\"lazy\" class=\"alignleft size-medium wp-image-2122\" src=\"http:\/\/py1yb.com\/wp-content\/uploads\/2017\/03\/2-300x225.jpg\" alt=\"2\" width=\"300\" height=\"225\" srcset=\"https:\/\/py1yb.com\/wp-content\/uploads\/2017\/03\/2-300x225.jpg 300w, https:\/\/py1yb.com\/wp-content\/uploads\/2017\/03\/2.jpg 640w\" sizes=\"(max-width: 300px) 100vw, 300px\" \/><\/a><\/p>\n<p>&nbsp;<\/p>\n<p>&nbsp;<\/p>\n<p>&nbsp;<\/p>\n<p>&nbsp;<\/p>\n<p>&nbsp;<\/p>\n<p>&nbsp;<\/p>\n<p>&nbsp;<\/p>\n<p>&nbsp;<\/p>\n<p>Ai come\u00e7amos nosso trabalho pela total desmontagem, limpeza e jateamento das pe\u00e7as, lavagem em ultra som, pintura, substitui\u00e7\u00e3o e\/ou revis\u00e3o dos loops, conectores, parafusos.. at\u00e9 a montagem final e alinhamento<\/p>\n<p><a href=\"http:\/\/py1yb.com\/wp-content\/uploads\/2017\/03\/duplexador-005.jpg\"><img loading=\"lazy\" class=\"alignleft size-medium wp-image-2123\" src=\"http:\/\/py1yb.com\/wp-content\/uploads\/2017\/03\/duplexador-005-300x225.jpg\" alt=\"duplexador 005\" width=\"300\" height=\"225\" srcset=\"https:\/\/py1yb.com\/wp-content\/uploads\/2017\/03\/duplexador-005-300x225.jpg 300w, https:\/\/py1yb.com\/wp-content\/uploads\/2017\/03\/duplexador-005.jpg 640w\" sizes=\"(max-width: 300px) 100vw, 300px\" \/><\/a> <a href=\"http:\/\/py1yb.com\/wp-content\/uploads\/2017\/03\/duplexador-006.jpg\"><img loading=\"lazy\" class=\"alignleft size-medium wp-image-2124\" src=\"http:\/\/py1yb.com\/wp-content\/uploads\/2017\/03\/duplexador-006-300x225.jpg\" alt=\"duplexador 006\" width=\"300\" height=\"225\" srcset=\"https:\/\/py1yb.com\/wp-content\/uploads\/2017\/03\/duplexador-006-300x225.jpg 300w, https:\/\/py1yb.com\/wp-content\/uploads\/2017\/03\/duplexador-006.jpg 640w\" sizes=\"(max-width: 300px) 100vw, 300px\" \/><\/a> <a href=\"http:\/\/py1yb.com\/wp-content\/uploads\/2017\/03\/duplexador-007.jpg\"><img loading=\"lazy\" class=\"alignleft size-medium wp-image-2125\" src=\"http:\/\/py1yb.com\/wp-content\/uploads\/2017\/03\/duplexador-007-225x300.jpg\" alt=\"duplexador 007\" width=\"225\" height=\"300\" srcset=\"https:\/\/py1yb.com\/wp-content\/uploads\/2017\/03\/duplexador-007-225x300.jpg 225w, https:\/\/py1yb.com\/wp-content\/uploads\/2017\/03\/duplexador-007.jpg 480w\" sizes=\"(max-width: 225px) 100vw, 225px\" \/><\/a> <a href=\"http:\/\/py1yb.com\/wp-content\/uploads\/2017\/03\/duplexador-008.jpg\"><img loading=\"lazy\" class=\"alignleft size-medium wp-image-2126\" src=\"http:\/\/py1yb.com\/wp-content\/uploads\/2017\/03\/duplexador-008-300x225.jpg\" alt=\"duplexador 008\" width=\"300\" height=\"225\" srcset=\"https:\/\/py1yb.com\/wp-content\/uploads\/2017\/03\/duplexador-008-300x225.jpg 300w, https:\/\/py1yb.com\/wp-content\/uploads\/2017\/03\/duplexador-008.jpg 640w\" sizes=\"(max-width: 300px) 100vw, 300px\" \/><\/a> <a href=\"http:\/\/py1yb.com\/wp-content\/uploads\/2017\/03\/duplexador-010.jpg\"><img loading=\"lazy\" class=\"alignleft size-medium wp-image-2127\" src=\"http:\/\/py1yb.com\/wp-content\/uploads\/2017\/03\/duplexador-010-300x225.jpg\" alt=\"duplexador 010\" width=\"300\" height=\"225\" srcset=\"https:\/\/py1yb.com\/wp-content\/uploads\/2017\/03\/duplexador-010-300x225.jpg 300w, https:\/\/py1yb.com\/wp-content\/uploads\/2017\/03\/duplexador-010.jpg 640w\" sizes=\"(max-width: 300px) 100vw, 300px\" \/><\/a> <a href=\"http:\/\/py1yb.com\/wp-content\/uploads\/2017\/03\/duplexador-013.jpg\"><img loading=\"lazy\" class=\"alignleft size-medium wp-image-2128\" src=\"http:\/\/py1yb.com\/wp-content\/uploads\/2017\/03\/duplexador-013-225x300.jpg\" alt=\"duplexador 013\" width=\"225\" height=\"300\" srcset=\"https:\/\/py1yb.com\/wp-content\/uploads\/2017\/03\/duplexador-013-225x300.jpg 225w, https:\/\/py1yb.com\/wp-content\/uploads\/2017\/03\/duplexador-013.jpg 480w\" sizes=\"(max-width: 225px) 100vw, 225px\" \/><\/a> <a href=\"http:\/\/py1yb.com\/wp-content\/uploads\/2017\/03\/duplexador-014.jpg\"><img loading=\"lazy\" class=\"alignleft size-medium wp-image-2129\" src=\"http:\/\/py1yb.com\/wp-content\/uploads\/2017\/03\/duplexador-014-300x225.jpg\" alt=\"duplexador 014\" width=\"300\" height=\"225\" srcset=\"https:\/\/py1yb.com\/wp-content\/uploads\/2017\/03\/duplexador-014-300x225.jpg 300w, https:\/\/py1yb.com\/wp-content\/uploads\/2017\/03\/duplexador-014.jpg 640w\" sizes=\"(max-width: 300px) 100vw, 300px\" \/><\/a> <a href=\"http:\/\/py1yb.com\/wp-content\/uploads\/2017\/03\/duplexador-019.jpg\"><img loading=\"lazy\" class=\"alignleft size-medium wp-image-2130\" src=\"http:\/\/py1yb.com\/wp-content\/uploads\/2017\/03\/duplexador-019-225x300.jpg\" alt=\"duplexador 019\" width=\"225\" height=\"300\" srcset=\"https:\/\/py1yb.com\/wp-content\/uploads\/2017\/03\/duplexador-019-225x300.jpg 225w, https:\/\/py1yb.com\/wp-content\/uploads\/2017\/03\/duplexador-019.jpg 480w\" sizes=\"(max-width: 225px) 100vw, 225px\" \/><\/a> <a href=\"http:\/\/py1yb.com\/wp-content\/uploads\/2017\/03\/duplexador-020.jpg\"><img loading=\"lazy\" class=\"alignleft size-medium wp-image-2131\" src=\"http:\/\/py1yb.com\/wp-content\/uploads\/2017\/03\/duplexador-020-225x300.jpg\" alt=\"duplexador 020\" width=\"225\" height=\"300\" srcset=\"https:\/\/py1yb.com\/wp-content\/uploads\/2017\/03\/duplexador-020-225x300.jpg 225w, https:\/\/py1yb.com\/wp-content\/uploads\/2017\/03\/duplexador-020.jpg 480w\" sizes=\"(max-width: 225px) 100vw, 225px\" \/><\/a> <a href=\"http:\/\/py1yb.com\/wp-content\/uploads\/2017\/03\/duplexador-021.jpg\"><img loading=\"lazy\" class=\"alignleft size-medium wp-image-2132\" src=\"http:\/\/py1yb.com\/wp-content\/uploads\/2017\/03\/duplexador-021-300x225.jpg\" alt=\"duplexador 021\" width=\"300\" height=\"225\" srcset=\"https:\/\/py1yb.com\/wp-content\/uploads\/2017\/03\/duplexador-021-300x225.jpg 300w, https:\/\/py1yb.com\/wp-content\/uploads\/2017\/03\/duplexador-021.jpg 640w\" sizes=\"(max-width: 300px) 100vw, 300px\" \/><\/a> <a href=\"http:\/\/py1yb.com\/wp-content\/uploads\/2017\/03\/duplexador-022.jpg\"><img loading=\"lazy\" class=\"alignleft size-medium wp-image-2133\" src=\"http:\/\/py1yb.com\/wp-content\/uploads\/2017\/03\/duplexador-022-225x300.jpg\" alt=\"duplexador 022\" width=\"225\" height=\"300\" srcset=\"https:\/\/py1yb.com\/wp-content\/uploads\/2017\/03\/duplexador-022-225x300.jpg 225w, https:\/\/py1yb.com\/wp-content\/uploads\/2017\/03\/duplexador-022.jpg 480w\" sizes=\"(max-width: 225px) 100vw, 225px\" \/><\/a> <a href=\"http:\/\/py1yb.com\/wp-content\/uploads\/2017\/03\/duplexador-023.jpg\"><img loading=\"lazy\" class=\"alignleft size-medium wp-image-2134\" src=\"http:\/\/py1yb.com\/wp-content\/uploads\/2017\/03\/duplexador-023-225x300.jpg\" alt=\"duplexador 023\" width=\"225\" height=\"300\" srcset=\"https:\/\/py1yb.com\/wp-content\/uploads\/2017\/03\/duplexador-023-225x300.jpg 225w, https:\/\/py1yb.com\/wp-content\/uploads\/2017\/03\/duplexador-023.jpg 480w\" sizes=\"(max-width: 225px) 100vw, 225px\" \/><\/a> <a href=\"http:\/\/py1yb.com\/wp-content\/uploads\/2017\/03\/duplexador-028.jpg\"><img loading=\"lazy\" class=\"alignleft size-medium wp-image-2135\" src=\"http:\/\/py1yb.com\/wp-content\/uploads\/2017\/03\/duplexador-028-225x300.jpg\" alt=\"duplexador 028\" width=\"225\" height=\"300\" srcset=\"https:\/\/py1yb.com\/wp-content\/uploads\/2017\/03\/duplexador-028-225x300.jpg 225w, https:\/\/py1yb.com\/wp-content\/uploads\/2017\/03\/duplexador-028.jpg 480w\" sizes=\"(max-width: 225px) 100vw, 225px\" \/><\/a><\/p>\n","protected":false},"excerpt":{"rendered":"<p>Restaura\u00e7\u00e3o de um duplexador. Acess\u00f3rio mais critico e delicado de um sistema de repetidora, o duplexador necessita cuidados especiais e alinhamento perfeito. Fazemos esse servi\u00e7o com detalhes e \u00f3timos resultados.. equipamento chega as vezes nesse estado.. &nbsp; &nbsp; &nbsp; &nbsp; &nbsp; &nbsp; &nbsp; &nbsp; ou nesse.. &nbsp; &nbsp; &nbsp; &nbsp; &nbsp; &nbsp; &nbsp; &nbsp; Ai [&hellip;]<\/p>\n","protected":false},"author":1,"featured_media":0,"parent":21,"menu_order":5,"comment_status":"closed","ping_status":"closed","template":"","meta":[],"_links":{"self":[{"href":"https:\/\/py1yb.com\/index.php?rest_route=\/wp\/v2\/pages\/2117"}],"collection":[{"href":"https:\/\/py1yb.com\/index.php?rest_route=\/wp\/v2\/pages"}],"about":[{"href":"https:\/\/py1yb.com\/index.php?rest_route=\/wp\/v2\/types\/page"}],"author":[{"embeddable":true,"href":"https:\/\/py1yb.com\/index.php?rest_route=\/wp\/v2\/users\/1"}],"replies":[{"embeddable":true,"href":"https:\/\/py1yb.com\/index.php?rest_route=%2Fwp%2Fv2%2Fcomments&post=2117"}],"version-history":[{"count":3,"href":"https:\/\/py1yb.com\/index.php?rest_route=\/wp\/v2\/pages\/2117\/revisions"}],"predecessor-version":[{"id":2136,"href":"https:\/\/py1yb.com\/index.php?rest_route=\/wp\/v2\/pages\/2117\/revisions\/2136"}],"up":[{"embeddable":true,"href":"https:\/\/py1yb.com\/index.php?rest_route=\/wp\/v2\/pages\/21"}],"wp:attachment":[{"href":"https:\/\/py1yb.com\/index.php?rest_route=%2Fwp%2Fv2%2Fmedia&parent=2117"}],"curies":[{"name":"wp","href":"https:\/\/api.w.org\/{rel}","templated":true}]}}